{"id":159,"date":"2017-05-08T06:54:46","date_gmt":"2017-05-08T06:54:46","guid":{"rendered":"https:\/\/arquitectosdejaen.es\/?page_id=159"},"modified":"2022-10-13T08:47:37","modified_gmt":"2022-10-13T06:47:37","slug":"servicios-colegiales","status":"publish","type":"page","link":"https:\/\/arquitectosdejaen.es\/?page_id=159","title":{"rendered":"SERVICIOS COLEGIALES"},"content":{"rendered":"<p>[et_pb_section fb_built=\u00bb1&#8243; admin_label=\u00bbsection\u00bb _builder_version=\u00bb4.16&#8243; global_colors_info=\u00bb{}\u00bb][et_pb_row admin_label=\u00bbrow\u00bb _builder_version=\u00bb4.16&#8243; background_size=\u00bbinitial\u00bb background_position=\u00bbtop_left\u00bb background_repeat=\u00bbrepeat\u00bb global_colors_info=\u00bb{}\u00bb][et_pb_column type=\u00bb4_4&#8243; _builder_version=\u00bb4.16&#8243; custom_padding=\u00bb|||\u00bb global_colors_info=\u00bb{}\u00bb custom_padding__hover=\u00bb|||\u00bb][et_pb_text admin_label=\u00bbText\u00bb _builder_version=\u00bb4.18.0&#8243; background_size=\u00bbinitial\u00bb background_position=\u00bbtop_left\u00bb background_repeat=\u00bbrepeat\u00bb hover_enabled=\u00bb0&#8243; global_colors_info=\u00bb{}\u00bb sticky_enabled=\u00bb0&#8243;]<\/p>\n<h2 class=\"titulo-oscuro\">Servicios Colegiales<\/h2>\n<h3 class=\"titulo-oscuro\"><a href=\"https:\/\/arquitectosdejaen.es\/?page_id=1235\">Alquiler de espacios<\/a><br \/><a href=\"https:\/\/arquitectosdejaen.es\/?page_id=205\">Biblioteca<\/a><br \/><a href=\"https:\/\/arquitectosdejaen.es\/?page_id=265\">Actividades culturales<\/a><br \/><a href=\"https:\/\/arquitectosdejaen.es\/?page_id=267\">Publicaciones<\/a><\/h3>\n<p>Los servicios que ofrece el Colegio se extienden hacia la Administraci\u00f3n y la Sociedad en general y, en particular, a todos sus colegiados y arquitectos.<\/p>\n<div id=\"content-wrap\">\n<div id=\"content\">\n<p>Estos servicios son, el visado de los documentos elaborados por los arquitectos, informaci\u00f3n urban\u00edstica, el asesoramiento normativo \u2013t\u00e9cnico y legal- a los colegiados, optativos &#8211; como la gesti\u00f3n de cobro de honorarios, mutualidad de previsi\u00f3n social y seguro de responsabilidad civil -, cursos de formaci\u00f3n -de especializaci\u00f3n y reciclaje-.<\/p>\n<p>Se han representado los intereses del Arquitecto en la tramitaci\u00f3n de legislaci\u00f3n que afecta al ejercicio profesional, respecto a intrusismo se recurren los actos de redacci\u00f3n, visado y concesi\u00f3n de licencias, en su caso, y, por el contrario, defensa de la plena competencia y capacitaci\u00f3n legal del Arquitecto ante las distintas instituciones en que as\u00ed se ha requerido.<\/p>\n<p>Referentes al Fomento del conocimiento de la Arquitectura y del Colegio en la Sociedad, se desarrollan actividades Culturales, tales como exposiciones, concursos, publicaciones, conferencias, \u2026 de las que cabr\u00eda destacar, las Convocatorias de las <b>Ediciones del Premio Provincial de Arquitectura<\/b> (cuyo objeto es incentivar la calidad art\u00edstica, t\u00e9cnica y constructiva del desarrollo del proceso constructivo y urban\u00edstico, premiando y mencionando no solo al Arquitecto, sino a todos los agentes implicados en el proceso: t\u00e9cnicos, constructores, promotores, etc. \u2026, e implicando en su organizaci\u00f3n y concesi\u00f3n del premio, a las diversas instituciones de la administraci\u00f3n y entidades y organismos sociales), la organizaci\u00f3n de los <b>Encuentros de Arquitectura<\/b>, con la participaci\u00f3n de prestigiosos expertos de la arquitectura, publicaciones como las de los trabajos presentados al Premio Provincial de Arquitectura y la titulada Visitas al Patrimonio Hist\u00f3rico de la Provincia de Ja\u00e9n, publicaci\u00f3n esta que recoge las conferencias, impartidas por expertos Arquitectos, Historiadores, Arque\u00f3logos\u2026,\u00a0que sobre distintos lugares y elementos de nuestro patrimonio provincial, conferencias que culminaban con una visita in situ respecto al motivo de las mismas, publicaci\u00f3n de la Revista <b>Almenas<\/b>, en la que se pretende que sirva de cauce para la comunicaci\u00f3n de la actividad colegial, con cabida para difusi\u00f3n de todos aquellos art\u00edculos, noticias, etc., de inter\u00e9s para nuestro colectivo, as\u00ed como difusi\u00f3n de los proyectos y obras de nuestra provincia. Exposiciones de Fotograf\u00eda, de Artes Pl\u00e1sticas -oleos,\u00a0 acuarelas, colages, Arquitectura, Conferencias, etc. etc.\u2026, han conformado un aspecto de la presencia colegial en nuestra sociedad.<\/p>\n<p>En colaboraci\u00f3n con Ayuntamientos y organismos oficiales, se fomenta el procedimiento de los concursos de ideas como f\u00f3rmula m\u00e1s adecuada para la adjudicaci\u00f3n de los proyectos.<\/p>\n<p>Finalmente, destacar la presencia del Colegio en Foros y Debates de Opini\u00f3n sobre asuntos de Urbanismo y Edificaci\u00f3n, colaboraci\u00f3n en Jornadas y Cursos de Extensi\u00f3n Universitaria, organizados por administraciones y Universidad, presencia en comisiones informativas de diversos organismos, y, en definitiva, en todas aquellas actividades relacionadas con el fin de cumplir los fines que corresponden a la Arquitectura considerada como funci\u00f3n social.<\/p>\n<\/div>\n<\/div>\n<p>[\/et_pb_text][\/et_pb_column][\/et_pb_row][\/et_pb_section]<\/p>\n","protected":false},"excerpt":{"rendered":"<p>Servicios Colegiales Alquiler de espaciosBibliotecaActividades culturalesPublicaciones Los servicios que ofrece el Colegio se extienden hacia la Administraci\u00f3n y la Sociedad en general y, en particular, a todos sus colegiados y arquitectos. Estos servicios son, el visado de los documentos elaborados por los arquitectos, informaci\u00f3n urban\u00edstica, el asesoramiento normativo \u2013t\u00e9cnico y legal- a los colegiados, optativos [&hellip;]<\/p>\n","protected":false},"author":1,"featured_media":0,"parent":0,"menu_order":0,"comment_status":"closed","ping_status":"closed","template":"","meta":{"_et_pb_use_builder":"on","_et_pb_old_content":"<h2 class=\"titulo-oscuro\">Servicios Colegiales<\/h2>\r\n<h3 class=\"titulo-oscuro\"><a href=\"https:\/\/arquitectosdejaen.es\/servicios\/alquiler-espacios\/\">Alquiler de espacios<\/a>\r\n<a href=\"https:\/\/arquitectosdejaen.es\/biblioteca\/\">Biblioteca<\/a>\r\n<a href=\"https:\/\/arquitectosdejaen.es\/cultura\/\">Actividades culturales<\/a>\r\n<a href=\"https:\/\/arquitectosdejaen.es\/publicaciones\/\">Publicaciones<\/a><\/h3>\r\nLos servicios que ofrece el Colegio se extienden hacia la Administraci\u00f3n y la Sociedad en general y, en particular, a todos sus colegiados y arquitectos.\r\n<div id=\"content-wrap\">\r\n<div id=\"content\">\r\n\r\nEstos servicios son, el visado de los documentos elaborados por los arquitectos, informaci\u00f3n urban\u00edstica, el asesoramiento normativo \u2013t\u00e9cnico y legal- a los colegiados, optativos - como la gesti\u00f3n de cobro de honorarios, mutualidad de previsi\u00f3n social y seguro de responsabilidad civil -, cursos de formaci\u00f3n -de especializaci\u00f3n y reciclaje-.\r\n\r\nSe han representado los intereses del Arquitecto en la tramitaci\u00f3n de legislaci\u00f3n que afecta al ejercicio profesional, respecto a intrusismo se recurren los actos de redacci\u00f3n, visado y concesi\u00f3n de licencias, en su caso, y, por el contrario, defensa de la plena competencia y capacitaci\u00f3n legal del Arquitecto ante las distintas instituciones en que as\u00ed se ha requerido.\r\n\r\nReferentes al Fomento del conocimiento de la Arquitectura y del Colegio en la Sociedad, se desarrollan actividades Culturales, tales como exposiciones, concursos, publicaciones, conferencias, \u2026 de las que cabr\u00eda destacar, las Convocatorias de las <b>Ediciones del Premio Provincial de Arquitectura<\/b> (cuyo objeto es incentivar la calidad art\u00edstica, t\u00e9cnica y constructiva del desarrollo del proceso constructivo y urban\u00edstico, premiando y mencionando no solo al Arquitecto, sino a todos los agentes implicados en el proceso: t\u00e9cnicos, constructores, promotores, etc. \u2026, e implicando en su organizaci\u00f3n y concesi\u00f3n del premio, a las diversas instituciones de la administraci\u00f3n y entidades y organismos sociales), la organizaci\u00f3n de los <b>Encuentros de Arquitectura<\/b>, con la participaci\u00f3n de prestigiosos expertos de la arquitectura, publicaciones como las de los trabajos presentados al Premio Provincial de Arquitectura y la titulada Visitas al Patrimonio Hist\u00f3rico de la Provincia de Ja\u00e9n, publicaci\u00f3n esta que recoge las conferencias, impartidas por expertos Arquitectos, Historiadores, Arque\u00f3logos\u2026,\u00a0que sobre distintos lugares y elementos de nuestro patrimonio provincial, conferencias que culminaban con una visita in situ respecto al motivo de las mismas, publicaci\u00f3n de la Revista <b>Almenas<\/b>, en la que se pretende que sirva de cauce para la comunicaci\u00f3n de la actividad colegial, con cabida para difusi\u00f3n de todos aquellos art\u00edculos, noticias, etc., de inter\u00e9s para nuestro colectivo, as\u00ed como difusi\u00f3n de los proyectos y obras de nuestra provincia. Exposiciones de Fotograf\u00eda, de Artes Pl\u00e1sticas -oleos,\u00a0 acuarelas, colages, Arquitectura, Conferencias, etc. etc.\u2026, han conformado un aspecto de la presencia colegial en nuestra sociedad.\r\n\r\nEn colaboraci\u00f3n con Ayuntamientos y organismos oficiales, se fomenta el procedimiento de los concursos de ideas como f\u00f3rmula m\u00e1s adecuada para la adjudicaci\u00f3n de los proyectos.\r\n\r\nFinalmente, destacar la presencia del Colegio en Foros y Debates de Opini\u00f3n sobre asuntos de Urbanismo y Edificaci\u00f3n, colaboraci\u00f3n en Jornadas y Cursos de Extensi\u00f3n Universitaria, organizados por administraciones y Universidad, presencia en comisiones informativas de diversos organismos, y, en definitiva, en todas aquellas actividades relacionadas con el fin de cumplir los fines que corresponden a la Arquitectura considerada como funci\u00f3n social.\r\n\r\n<\/div>\r\n<\/div>","_et_gb_content_width":"","footnotes":""},"class_list":["post-159","page","type-page","status-publish","hentry"],"_links":{"self":[{"href":"https:\/\/arquitectosdejaen.es\/index.php?rest_route=\/wp\/v2\/pages\/159","targetHints":{"allow":["GET"]}}],"collection":[{"href":"https:\/\/arquitectosdejaen.es\/index.php?rest_route=\/wp\/v2\/pages"}],"about":[{"href":"https:\/\/arquitectosdejaen.es\/index.php?rest_route=\/wp\/v2\/types\/page"}],"author":[{"embeddable":true,"href":"https:\/\/arquitectosdejaen.es\/index.php?rest_route=\/wp\/v2\/users\/1"}],"replies":[{"embeddable":true,"href":"https:\/\/arquitectosdejaen.es\/index.php?rest_route=%2Fwp%2Fv2%2Fcomments&post=159"}],"version-history":[{"count":14,"href":"https:\/\/arquitectosdejaen.es\/index.php?rest_route=\/wp\/v2\/pages\/159\/revisions"}],"predecessor-version":[{"id":5378,"href":"https:\/\/arquitectosdejaen.es\/index.php?rest_route=\/wp\/v2\/pages\/159\/revisions\/5378"}],"wp:attachment":[{"href":"https:\/\/arquitectosdejaen.es\/index.php?rest_route=%2Fwp%2Fv2%2Fmedia&parent=159"}],"curies":[{"name":"wp","href":"https:\/\/api.w.org\/{rel}","templated":true}]}}

<p>[et_pb_section fb_built=»1&#8243; admin_label=»section» _builder_version=»4.16&#8243; global_colors_info=»{}»][et_pb_row admin_label=»row» _builder_version=»4.16&#8243; background_size=»initial» background_position=»top_left» background_repeat=»repeat» global_colors_info=»{}»][et_pb_column type=»4_4&#8243; _builder_version=»4.16&#8243; custom_padding=»|||» global_colors_info=»{}» custom_padding__hover=»|||»][et_pb_text admin_label=»Text» _builder_version=»4.18.0&#8243; background_size=»initial» background_position=»top_left» background_repeat=»repeat» hover_enabled=»0&#8243; global_colors_info=»{}» sticky_enabled=»0&#8243;]</p>
<h2 class="titulo-oscuro">Servicios Colegiales</h2>
<h3 class="titulo-oscuro"><a href="https://arquitectosdejaen.es/?page_id=1235">Alquiler de espacios</a><br /><a href="https://arquitectosdejaen.es/?page_id=205">Biblioteca</a><br /><a href="https://arquitectosdejaen.es/?page_id=265">Actividades culturales</a><br /><a href="https://arquitectosdejaen.es/?page_id=267">Publicaciones</a></h3>
<p>Los servicios que ofrece el Colegio se extienden hacia la Administración y la Sociedad en general y, en particular, a todos sus colegiados y arquitectos.</p>
<div id="content-wrap">
<div id="content">
<p>Estos servicios son, el visado de los documentos elaborados por los arquitectos, información urbanística, el asesoramiento normativo –técnico y legal- a los colegiados, optativos &#8211; como la gestión de cobro de honorarios, mutualidad de previsión social y seguro de responsabilidad civil -, cursos de formación -de especialización y reciclaje-.</p>
<p>Se han representado los intereses del Arquitecto en la tramitación de legislación que afecta al ejercicio profesional, respecto a intrusismo se recurren los actos de redacción, visado y concesión de licencias, en su caso, y, por el contrario, defensa de la plena competencia y capacitación legal del Arquitecto ante las distintas instituciones en que así se ha requerido.</p>
<p>Referentes al Fomento del conocimiento de la Arquitectura y del Colegio en la Sociedad, se desarrollan actividades Culturales, tales como exposiciones, concursos, publicaciones, conferencias, … de las que cabría destacar, las Convocatorias de las <b>Ediciones del Premio Provincial de Arquitectura</b> (cuyo objeto es incentivar la calidad artística, técnica y constructiva del desarrollo del proceso constructivo y urbanístico, premiando y mencionando no solo al Arquitecto, sino a todos los agentes implicados en el proceso: técnicos, constructores, promotores, etc. …, e implicando en su organización y concesión del premio, a las diversas instituciones de la administración y entidades y organismos sociales), la organización de los <b>Encuentros de Arquitectura</b>, con la participación de prestigiosos expertos de la arquitectura, publicaciones como las de los trabajos presentados al Premio Provincial de Arquitectura y la titulada Visitas al Patrimonio Histórico de la Provincia de Jaén, publicación esta que recoge las conferencias, impartidas por expertos Arquitectos, Historiadores, Arqueólogos…, que sobre distintos lugares y elementos de nuestro patrimonio provincial, conferencias que culminaban con una visita in situ respecto al motivo de las mismas, publicación de la Revista <b>Almenas</b>, en la que se pretende que sirva de cauce para la comunicación de la actividad colegial, con cabida para difusión de todos aquellos artículos, noticias, etc., de interés para nuestro colectivo, así como difusión de los proyectos y obras de nuestra provincia. Exposiciones de Fotografía, de Artes Plásticas -oleos,  acuarelas, colages, Arquitectura, Conferencias, etc. etc.…, han conformado un aspecto de la presencia colegial en nuestra sociedad.</p>
<p>En colaboración con Ayuntamientos y organismos oficiales, se fomenta el procedimiento de los concursos de ideas como fórmula más adecuada para la adjudicación de los proyectos.</p>
<p>Finalmente, destacar la presencia del Colegio en Foros y Debates de Opinión sobre asuntos de Urbanismo y Edificación, colaboración en Jornadas y Cursos de Extensión Universitaria, organizados por administraciones y Universidad, presencia en comisiones informativas de diversos organismos, y, en definitiva, en todas aquellas actividades relacionadas con el fin de cumplir los fines que corresponden a la Arquitectura considerada como función social.</p>
</div>
</div>
<p>[/et_pb_text][/et_pb_column][/et_pb_row][/et_pb_section]</p>

<p>Servicios Colegiales Alquiler de espaciosBibliotecaActividades culturalesPublicaciones Los servicios que ofrece el Colegio se extienden hacia la Administración y la Sociedad en general y, en particular, a todos sus colegiados y arquitectos. Estos servicios son, el visado de los documentos elaborados por los arquitectos, información urbanística, el asesoramiento normativo –técnico y legal- a los colegiados, optativos [&hellip;]</p>

<h2 class="titulo-oscuro">Servicios Colegiales</h2>
<h3 class="titulo-oscuro"><a href="https://arquitectosdejaen.es/servicios/alquiler-espacios/">Alquiler de espacios</a>
<a href="https://arquitectosdejaen.es/biblioteca/">Biblioteca</a>
<a href="https://arquitectosdejaen.es/cultura/">Actividades culturales</a>
<a href="https://arquitectosdejaen.es/publicaciones/">Publicaciones</a></h3>
Los servicios que ofrece el Colegio se extienden hacia la Administración y la Sociedad en general y, en particular, a todos sus colegiados y arquitectos.
<div id="content-wrap">
<div id="content">

Estos servicios son, el visado de los documentos elaborados por los arquitectos, información urbanística, el asesoramiento normativo –técnico y legal- a los colegiados, optativos - como la gestión de cobro de honorarios, mutualidad de previsión social y seguro de responsabilidad civil -, cursos de formación -de especialización y reciclaje-.

Se han representado los intereses del Arquitecto en la tramitación de legislación que afecta al ejercicio profesional, respecto a intrusismo se recurren los actos de redacción, visado y concesión de licencias, en su caso, y, por el contrario, defensa de la plena competencia y capacitación legal del Arquitecto ante las distintas instituciones en que así se ha requerido.

Referentes al Fomento del conocimiento de la Arquitectura y del Colegio en la Sociedad, se desarrollan actividades Culturales, tales como exposiciones, concursos, publicaciones, conferencias, … de las que cabría destacar, las Convocatorias de las <b>Ediciones del Premio Provincial de Arquitectura</b> (cuyo objeto es incentivar la calidad artística, técnica y constructiva del desarrollo del proceso constructivo y urbanístico, premiando y mencionando no solo al Arquitecto, sino a todos los agentes implicados en el proceso: técnicos, constructores, promotores, etc. …, e implicando en su organización y concesión del premio, a las diversas instituciones de la administración y entidades y organismos sociales), la organización de los <b>Encuentros de Arquitectura</b>, con la participación de prestigiosos expertos de la arquitectura, publicaciones como las de los trabajos presentados al Premio Provincial de Arquitectura y la titulada Visitas al Patrimonio Histórico de la Provincia de Jaén, publicación esta que recoge las conferencias, impartidas por expertos Arquitectos, Historiadores, Arqueólogos…, que sobre distintos lugares y elementos de nuestro patrimonio provincial, conferencias que culminaban con una visita in situ respecto al motivo de las mismas, publicación de la Revista <b>Almenas</b>, en la que se pretende que sirva de cauce para la comunicación de la actividad colegial, con cabida para difusión de todos aquellos artículos, noticias, etc., de interés para nuestro colectivo, así como difusión de los proyectos y obras de nuestra provincia. Exposiciones de Fotografía, de Artes Plásticas -oleos,  acuarelas, colages, Arquitectura, Conferencias, etc. etc.…, han conformado un aspecto de la presencia colegial en nuestra sociedad.

En colaboración con Ayuntamientos y organismos oficiales, se fomenta el procedimiento de los concursos de ideas como fórmula más adecuada para la adjudicación de los proyectos.

Finalmente, destacar la presencia del Colegio en Foros y Debates de Opinión sobre asuntos de Urbanismo y Edificación, colaboración en Jornadas y Cursos de Extensión Universitaria, organizados por administraciones y Universidad, presencia en comisiones informativas de diversos organismos, y, en definitiva, en todas aquellas actividades relacionadas con el fin de cumplir los fines que corresponden a la Arquitectura considerada como función social.

</div>
</div>
