{"id":165,"date":"2017-05-08T06:57:35","date_gmt":"2017-05-08T06:57:35","guid":{"rendered":"https:\/\/arquitectosdejaen.es\/?page_id=165"},"modified":"2020-12-02T11:21:35","modified_gmt":"2020-12-02T10:21:35","slug":"documentacion-visada","status":"publish","type":"page","link":"https:\/\/arquitectosdejaen.es\/?page_id=165","title":{"rendered":"DOCUMENTACI\u00d3N VISADA"},"content":{"rendered":"<h2 class=\"titulo-oscuro\">Verificaci\u00f3n de la documentaci\u00f3n visada<\/h2>\n<p>Para comprobar la veracidad de un documento visado digitalmente por el Colegio Oficial de Arquitectos de Ja\u00e9n, deber\u00e1 rellenar el siguiente formulario con los datos que contiene el sello de visado. Si los datos introducidos son correctos, se mostrar\u00e1 una imagen del correspondiente documento almacenado en el COA Ja\u00e9n, que deber\u00e1 coincidir con el documento objeto de comprobaci\u00f3n.<\/p>\n<p><iframe loading=\"lazy\" src=\"https:\/\/oficinavirtual.coajaen.es\/expedientes\/vdoc_nuevo.asp\" width=\"740px\" height=\"620px\" frameborder=\"0\"><br \/>\n<a href=\"https:\/\/oficinavirtual.coajaen.es\/expedientes\/vdoc_nuevo.asp\">Formulario<\/a><br \/>\n<\/iframe><\/p>\n","protected":false},"excerpt":{"rendered":"<p>Verificaci\u00f3n de la documentaci\u00f3n visada Para comprobar la veracidad de un documento visado digitalmente por el Colegio Oficial de Arquitectos de Ja\u00e9n, deber\u00e1 rellenar el siguiente formulario con los datos que contiene el sello de visado. Si los datos introducidos son correctos, se mostrar\u00e1 una imagen del correspondiente documento almacenado en el COA Ja\u00e9n, que [&hellip;]<\/p>\n","protected":false},"author":1,"featured_media":0,"parent":163,"menu_order":0,"comment_status":"closed","ping_status":"closed","template":"","meta":{"_et_pb_use_builder":"","_et_pb_old_content":"","_et_gb_content_width":"","footnotes":""},"class_list":["post-165","page","type-page","status-publish","hentry"],"_links":{"self":[{"href":"https:\/\/arquitectosdejaen.es\/index.php?rest_route=\/wp\/v2\/pages\/165","targetHints":{"allow":["GET"]}}],"collection":[{"href":"https:\/\/arquitectosdejaen.es\/index.php?rest_route=\/wp\/v2\/pages"}],"about":[{"href":"https:\/\/arquitectosdejaen.es\/index.php?rest_route=\/wp\/v2\/types\/page"}],"author":[{"embeddable":true,"href":"https:\/\/arquitectosdejaen.es\/index.php?rest_route=\/wp\/v2\/users\/1"}],"replies":[{"embeddable":true,"href":"https:\/\/arquitectosdejaen.es\/index.php?rest_route=%2Fwp%2Fv2%2Fcomments&post=165"}],"version-history":[{"count":6,"href":"https:\/\/arquitectosdejaen.es\/index.php?rest_route=\/wp\/v2\/pages\/165\/revisions"}],"predecessor-version":[{"id":4020,"href":"https:\/\/arquitectosdejaen.es\/index.php?rest_route=\/wp\/v2\/pages\/165\/revisions\/4020"}],"up":[{"embeddable":true,"href":"https:\/\/arquitectosdejaen.es\/index.php?rest_route=\/wp\/v2\/pages\/163"}],"wp:attachment":[{"href":"https:\/\/arquitectosdejaen.es\/index.php?rest_route=%2Fwp%2Fv2%2Fmedia&parent=165"}],"curies":[{"name":"wp","href":"https:\/\/api.w.org\/{rel}","templated":true}]}}

DOCUMENTACIÓN VISADA

<h2 class="titulo-oscuro">Verificación de la documentación visada</h2>
<p>Para comprobar la veracidad de un documento visado digitalmente por el Colegio Oficial de Arquitectos de Jaén, deberá rellenar el siguiente formulario con los datos que contiene el sello de visado. Si los datos introducidos son correctos, se mostrará una imagen del correspondiente documento almacenado en el COA Jaén, que deberá coincidir con el documento objeto de comprobación.</p>
<p><iframe loading="lazy" src="https://oficinavirtual.coajaen.es/expedientes/vdoc_nuevo.asp" width="740px" height="620px" frameborder="0"><br />
<a href="https://oficinavirtual.coajaen.es/expedientes/vdoc_nuevo.asp">Formulario</a><br />
</iframe></p>

<p>Verificación de la documentación visada Para comprobar la veracidad de un documento visado digitalmente por el Colegio Oficial de Arquitectos de Jaén, deberá rellenar el siguiente formulario con los datos que contiene el sello de visado. Si los datos introducidos son correctos, se mostrará una imagen del correspondiente documento almacenado en el COA Jaén, que [&hellip;]</p>
