{"id":173,"date":"2017-05-08T07:00:15","date_gmt":"2017-05-08T07:00:15","guid":{"rendered":"https:\/\/arquitectosdejaen.es\/?page_id=173"},"modified":"2026-02-09T13:27:24","modified_gmt":"2026-02-09T12:27:24","slug":"listados-arquitectos-especialistas","status":"publish","type":"page","link":"https:\/\/arquitectosdejaen.es\/?page_id=173","title":{"rendered":"LISTADOS DE ARQUITECTOS ESPECIALISTAS"},"content":{"rendered":"<p>Se pone a disposici\u00f3n de todos los consumidores y usuarios, el acceso al listado de expertos en distintas especialidades en nuestro \u00e1mbito colegial.<\/p>\n<p><a href=\"https:\/\/arquitectosdejaen.es\/?page_id=175\"><img loading=\"lazy\" decoding=\"async\" width=\"13\" height=\"11\" class=\"size-full wp-image-656 alignleft\" src=\"https:\/\/arquitectosdejaen.es\/wp-content\/uploads\/IconoAbrir.gif\" alt=\"\" \/><strong><span style=\"color: #0000ff;\">Arquitectos certificadores energ\u00e9ticos<\/span><\/strong><\/a><\/p>\n<p>Se pone a disposici\u00f3n de todos los consumidores y usuarios, el acceso al listado de <strong>expertos certificadores energ\u00e9ticos<\/strong> en nuestro \u00e1mbito colegial.<\/p>\n<p><a href=\"https:\/\/arquitectosdejaen.es\/ventanilla-unica\/listados-arquitectos-especialistas\/arquitectos-certificadores-energeticos\/\"><img loading=\"lazy\" decoding=\"async\" width=\"13\" height=\"11\" class=\"size-full wp-image-656 alignleft\" src=\"https:\/\/arquitectosdejaen.es\/wp-content\/uploads\/IconoAbrir.gif\" alt=\"\" \/><\/a><a href=\"https:\/\/arquitectosdejaen.es\/?page_id=177\"><span style=\"color: #0000ff;\"><strong>Arquitectos para ITEs<\/strong><\/span><\/a><\/p>\n<p>Se pone a disposici\u00f3n de todos los consumidores y usuarios, el acceso al listado de <strong>expertos redactores de Inspecciones T\u00e9cnicas de Edificios (ITEs)<\/strong> en nuestro \u00e1mbito colegial.<\/p>\n<p><a href=\"https:\/\/arquitectosdejaen.es\/ventanilla-unica\/listados-arquitectos-especialistas\/arquitectos-certificadores-energeticos\/\"><img loading=\"lazy\" decoding=\"async\" width=\"13\" height=\"11\" class=\"size-full wp-image-656 alignleft\" src=\"https:\/\/arquitectosdejaen.es\/wp-content\/uploads\/IconoAbrir.gif\" alt=\"\" \/><\/a><a href=\"https:\/\/arquitectosdejaen.es\/?page_id=6423\"><span style=\"color: #0000ff;\"><strong>Arquitectos para informes periciales<\/strong><\/span><\/a><\/p>\n<p>Se pone a disposici\u00f3n de todos los consumidores y usuarios, el acceso al <strong>listado de expertos redactores de Informes Periciales<\/strong> en nuestro \u00e1mbito colegial.<\/p>\n","protected":false},"excerpt":{"rendered":"<p>Se pone a disposici\u00f3n de todos los consumidores y usuarios, el acceso al listado de expertos en distintas especialidades en nuestro \u00e1mbito colegial. Arquitectos certificadores energ\u00e9ticos Se pone a disposici\u00f3n de todos los consumidores y usuarios, el acceso al listado de expertos certificadores energ\u00e9ticos en nuestro \u00e1mbito colegial. Arquitectos para ITEs Se pone a disposici\u00f3n [&hellip;]<\/p>\n","protected":false},"author":1,"featured_media":0,"parent":9,"menu_order":0,"comment_status":"closed","ping_status":"closed","template":"","meta":{"_et_pb_use_builder":"","_et_pb_old_content":"","_et_gb_content_width":"1080","footnotes":""},"class_list":["post-173","page","type-page","status-publish","hentry"],"_links":{"self":[{"href":"https:\/\/arquitectosdejaen.es\/index.php?rest_route=\/wp\/v2\/pages\/173","targetHints":{"allow":["GET"]}}],"collection":[{"href":"https:\/\/arquitectosdejaen.es\/index.php?rest_route=\/wp\/v2\/pages"}],"about":[{"href":"https:\/\/arquitectosdejaen.es\/index.php?rest_route=\/wp\/v2\/types\/page"}],"author":[{"embeddable":true,"href":"https:\/\/arquitectosdejaen.es\/index.php?rest_route=\/wp\/v2\/users\/1"}],"replies":[{"embeddable":true,"href":"https:\/\/arquitectosdejaen.es\/index.php?rest_route=%2Fwp%2Fv2%2Fcomments&post=173"}],"version-history":[{"count":12,"href":"https:\/\/arquitectosdejaen.es\/index.php?rest_route=\/wp\/v2\/pages\/173\/revisions"}],"predecessor-version":[{"id":6443,"href":"https:\/\/arquitectosdejaen.es\/index.php?rest_route=\/wp\/v2\/pages\/173\/revisions\/6443"}],"up":[{"embeddable":true,"href":"https:\/\/arquitectosdejaen.es\/index.php?rest_route=\/wp\/v2\/pages\/9"}],"wp:attachment":[{"href":"https:\/\/arquitectosdejaen.es\/index.php?rest_route=%2Fwp%2Fv2%2Fmedia&parent=173"}],"curies":[{"name":"wp","href":"https:\/\/api.w.org\/{rel}","templated":true}]}}

<p>Se pone a disposición de todos los consumidores y usuarios, el acceso al listado de expertos en distintas especialidades en nuestro ámbito colegial.</p>
<p><a href="https://arquitectosdejaen.es/?page_id=175"><img loading="lazy" decoding="async" width="13" height="11" class="size-full wp-image-656 alignleft" src="https://arquitectosdejaen.es/wp-content/uploads/IconoAbrir.gif" alt="" /><strong><span style="color: #0000ff;">Arquitectos certificadores energéticos</span></strong></a></p>
<p>Se pone a disposición de todos los consumidores y usuarios, el acceso al listado de <strong>expertos certificadores energéticos</strong> en nuestro ámbito colegial.</p>
<p><a href="https://arquitectosdejaen.es/ventanilla-unica/listados-arquitectos-especialistas/arquitectos-certificadores-energeticos/"><img loading="lazy" decoding="async" width="13" height="11" class="size-full wp-image-656 alignleft" src="https://arquitectosdejaen.es/wp-content/uploads/IconoAbrir.gif" alt="" /></a><a href="https://arquitectosdejaen.es/?page_id=177"><span style="color: #0000ff;"><strong>Arquitectos para ITEs</strong></span></a></p>
<p>Se pone a disposición de todos los consumidores y usuarios, el acceso al listado de <strong>expertos redactores de Inspecciones Técnicas de Edificios (ITEs)</strong> en nuestro ámbito colegial.</p>
<p><a href="https://arquitectosdejaen.es/ventanilla-unica/listados-arquitectos-especialistas/arquitectos-certificadores-energeticos/"><img loading="lazy" decoding="async" width="13" height="11" class="size-full wp-image-656 alignleft" src="https://arquitectosdejaen.es/wp-content/uploads/IconoAbrir.gif" alt="" /></a><a href="https://arquitectosdejaen.es/?page_id=6423"><span style="color: #0000ff;"><strong>Arquitectos para informes periciales</strong></span></a></p>
<p>Se pone a disposición de todos los consumidores y usuarios, el acceso al <strong>listado de expertos redactores de Informes Periciales</strong> en nuestro ámbito colegial.</p>

<p>Se pone a disposición de todos los consumidores y usuarios, el acceso al listado de expertos en distintas especialidades en nuestro ámbito colegial. Arquitectos certificadores energéticos Se pone a disposición de todos los consumidores y usuarios, el acceso al listado de expertos certificadores energéticos en nuestro ámbito colegial. Arquitectos para ITEs Se pone a disposición [&hellip;]</p>
