{"id":189,"date":"2017-05-08T07:06:22","date_gmt":"2017-05-08T05:06:22","guid":{"rendered":"https:\/\/arquitectosdejaen.es\/?page_id=189"},"modified":"2023-06-22T11:35:51","modified_gmt":"2023-06-22T09:35:51","slug":"organos-de-gobierno","status":"publish","type":"page","link":"https:\/\/arquitectosdejaen.es\/?page_id=189","title":{"rendered":"\u00d3RGANOS DE GOBIERNO"},"content":{"rendered":"<h2 class=\"titulo-oscuro\">\u00d3rganos de Gobierno<\/h2>\n<p>Desde el 21 de junio de 2023, en el que tom\u00f3 posesi\u00f3n tras las correspondientes elecciones celebradas, el \u00f3rgano de direcci\u00f3n le corresponde a la <strong>Junta de Gobierno<\/strong>, que est\u00e1 constituida por:<\/p>\n<p><strong>Decana:<\/strong> D.\u00aa Soledad Gonz\u00e1lez G\u00f3mez.<br \/>\n<strong>Secretario:<\/strong> D. Asier Ca\u00f1o Arbaiza.<br \/>\n<strong>Tesorera:<\/strong> D.\u00aa Almudena Garc\u00eda Mart\u00ednez.<br \/>\n<strong>Vocal:<\/strong> D. Ram\u00f3n Cuenca Montes.<br \/>\n<strong>Vocal:<\/strong> D. Alfonso Mollinedo S\u00e1enz.<br \/>\n<strong>Vocal:<\/strong> D. Francisco Javier S\u00e1nchez Castro.<br \/>\n<strong>Vocal:<\/strong> D.\u00aa Gloria S\u00e1nchez Redondo.<\/p>\n<p>No obstante, el \u00f3rgano supremo de expresi\u00f3n de la voluntad del Colegio en relaci\u00f3n con sus propias competencias es la Asamblea General, integrada por la totalidad de los colegiados.<\/p>\n<p>Con fecha 12 de Julio de 2001 se constituye el Consejo Andaluz de Colegios de Arquitectos, con sede en Sevilla.<\/p>\n<p>El Consejo ejercer\u00e1 las funciones de representaci\u00f3n, ordenaci\u00f3n, coordinaci\u00f3n, organizaci\u00f3n y todas aquellas de inter\u00e9s com\u00fan y general para la profesi\u00f3n, sin perjuicio de las competencias propias de cada Colegio en el \u00e1mbito de Andaluc\u00eda, y representar\u00e1 a la misma en el Consejo Superior de los Colegios de Arquitectos de Espa\u00f1a.<\/p>\n","protected":false},"excerpt":{"rendered":"<p>\u00d3rganos de Gobierno Desde el 21 de junio de 2023, en el que tom\u00f3 posesi\u00f3n tras las correspondientes elecciones celebradas, el \u00f3rgano de direcci\u00f3n le corresponde a la Junta de Gobierno, que est\u00e1 constituida por: Decana: D.\u00aa Soledad Gonz\u00e1lez G\u00f3mez. Secretario: D. Asier Ca\u00f1o Arbaiza. Tesorera: D.\u00aa Almudena Garc\u00eda Mart\u00ednez. Vocal: D. Ram\u00f3n Cuenca Montes. [&hellip;]<\/p>\n","protected":false},"author":1,"featured_media":0,"parent":0,"menu_order":0,"comment_status":"closed","ping_status":"closed","template":"","meta":{"_et_pb_use_builder":"","_et_pb_old_content":"","_et_gb_content_width":"","footnotes":""},"class_list":["post-189","page","type-page","status-publish","hentry"],"_links":{"self":[{"href":"https:\/\/arquitectosdejaen.es\/index.php?rest_route=\/wp\/v2\/pages\/189","targetHints":{"allow":["GET"]}}],"collection":[{"href":"https:\/\/arquitectosdejaen.es\/index.php?rest_route=\/wp\/v2\/pages"}],"about":[{"href":"https:\/\/arquitectosdejaen.es\/index.php?rest_route=\/wp\/v2\/types\/page"}],"author":[{"embeddable":true,"href":"https:\/\/arquitectosdejaen.es\/index.php?rest_route=\/wp\/v2\/users\/1"}],"replies":[{"embeddable":true,"href":"https:\/\/arquitectosdejaen.es\/index.php?rest_route=%2Fwp%2Fv2%2Fcomments&post=189"}],"version-history":[{"count":18,"href":"https:\/\/arquitectosdejaen.es\/index.php?rest_route=\/wp\/v2\/pages\/189\/revisions"}],"predecessor-version":[{"id":5574,"href":"https:\/\/arquitectosdejaen.es\/index.php?rest_route=\/wp\/v2\/pages\/189\/revisions\/5574"}],"wp:attachment":[{"href":"https:\/\/arquitectosdejaen.es\/index.php?rest_route=%2Fwp%2Fv2%2Fmedia&parent=189"}],"curies":[{"name":"wp","href":"https:\/\/api.w.org\/{rel}","templated":true}]}}